{"id":1267,"date":"2022-03-10T14:34:30","date_gmt":"2022-03-10T13:34:30","guid":{"rendered":"https:\/\/objective-gates.193-32-221-5.plesk.page\/index.php\/produkt\/snom-d862\/"},"modified":"2023-03-23T13:26:07","modified_gmt":"2023-03-23T12:26:07","slug":"snom-d862","status":"publish","type":"product","link":"https:\/\/www.ipcom-gmbh.de\/index.php\/produkt\/snom-d862\/","title":{"rendered":"Snom D862"},"content":{"rendered":"<p>Das D862 ist ein formsch\u00f6nes Einstiegsger\u00e4t der D8xx Serie von Snom. Seine \u00fcbersichtliche Gestaltung macht es ideal f\u00fcr jeden Schreibtisch. Ausgestattet mit einem sch\u00f6nen, 40\u00b0 stufenlos verstellbaren LCD Bildschirm von 5\u201d Gr\u00f6\u00dfe bietet es eine sehr gute \u00dcbersichtlichkeit, unabh\u00e4ngig von der Lichtsituation am Arbeitsplatz. Die 8 frei programmierbaren Funktionstasten sind ideal zur Hinterlegung von Kurzwahlen oder Rufgruppen.<\/p>\n<p>Das Snom D862 vereint fortschrittliche Technologie, eine ausgezeichnete Sprachqualit\u00e4t und ein optimales Design in einem Ger\u00e4t \u2013 und das zu einem unschlagbaren Preis. Damit ist das D862\u00a0ein perfektes Einstiegsger\u00e4t in die Welt der professionellen IP-Telefonie.<\/p>\n<p><strong>Kurze \u00dcbersicht<\/strong><\/p>\n<ul>\n<li>Gro\u00dfes schwenkbares 5 Zoll IPS Farbdisplay<\/li>\n<li>USB 2.0 Hochgeschwindigkeitsanschluss<\/li>\n<li>8 programmierbare Funktionstasten<\/li>\n<li>Optimierte Rauschunterdr\u00fcckung<\/li>\n<\/ul>\n","protected":false},"excerpt":{"rendered":"<p>IP Tischtelefon<\/p>\n<p><a href=\"https:\/\/www.ipcom-gmbh.de\/wp-content\/uploads\/Datasheets\/Snom-D862-IPCOM-Datenblatt.pdf\">Download Datenblatt<\/a><\/p>\n","protected":false},"featured_media":1102,"template":"","meta":[],"product_brand":[],"product_cat":[157],"product_tag":[],"class_list":{"0":"post-1267","1":"product","2":"type-product","3":"status-publish","4":"has-post-thumbnail","6":"product_cat-snom-ip-tischtelefone","8":"first","9":"instock","10":"taxable","11":"shipping-taxable","12":"product-type-simple"},"_links":{"self":[{"href":"https:\/\/www.ipcom-gmbh.de\/index.php\/wp-json\/wp\/v2\/product\/1267","targetHints":{"allow":["GET"]}}],"collection":[{"href":"https:\/\/www.ipcom-gmbh.de\/index.php\/wp-json\/wp\/v2\/product"}],"about":[{"href":"https:\/\/www.ipcom-gmbh.de\/index.php\/wp-json\/wp\/v2\/types\/product"}],"wp:featuredmedia":[{"embeddable":true,"href":"https:\/\/www.ipcom-gmbh.de\/index.php\/wp-json\/wp\/v2\/media\/1102"}],"wp:attachment":[{"href":"https:\/\/www.ipcom-gmbh.de\/index.php\/wp-json\/wp\/v2\/media?parent=1267"}],"wp:term":[{"taxonomy":"product_brand","embeddable":true,"href":"https:\/\/www.ipcom-gmbh.de\/index.php\/wp-json\/wp\/v2\/product_brand?post=1267"},{"taxonomy":"product_cat","embeddable":true,"href":"https:\/\/www.ipcom-gmbh.de\/index.php\/wp-json\/wp\/v2\/product_cat?post=1267"},{"taxonomy":"product_tag","embeddable":true,"href":"https:\/\/www.ipcom-gmbh.de\/index.php\/wp-json\/wp\/v2\/product_tag?post=1267"}],"curies":[{"name":"wp","href":"https:\/\/api.w.org\/{rel}","templated":true}]}}